 - k. Is s a composite number?
False
Let c(t) = 137*t - 84. Let p be c(14). Suppose -p = -2*i - 4*a, 2*a + 234 - 4795 = -5*i. Is i prime?
True
Suppose 22*n = 21*n + 3313. Suppose -n = -z - u, -4*z + u + 3929 = -9323. Is z a composite number?
False
Suppose f - 8 = -0*f + z, 2*z - 5 = -5*f. Suppose -t + f*t = 22. Suppose -t*a + 311 = -1438. Is a a composite number?
True
Let s(x) = x**2 + 16*x - 26. Let b be s(-18). Let v be (-3)/b*2*5. Is ((-35703)/15)/v - (-10)/(-25) composite?
True
Suppose 3*d + 2864 = z, -4*z + 935 = -d - 16. Let w = -624 - d. Is w prime?
True
Suppose 3*v + s = -5, -4*s - 25 = -5*v + s. Suppose -f - 4*y + v*y + 22 = 0, 0 = -f - 5*y + 18. Suppose 35*r = f*r - 1221. Is r prime?
False
Let h = 58 - 57. Let c(z) = -14 - 15 - 1 - h - 38*z. Is c(-13) prime?
True
Suppose 0 = 19*v - 13*v + 22*v - 714644. Is v prime?
True
Suppose 6*k - 35*k = 3*k - 2203616. Is k prime?
True
Suppose l + 24 - 1 = 0. Let n(s) = -4*s + 42. Let t be n(-12). Let d = t + l. Is d a composite number?
False
Suppose 0 = -15*d + 2832830 + 1285855. Is d a prime number?
True
Let i(j) be the second derivative of -137*j**3/3 - 27*j**2/2 - 70*j. Is i(-5) a composite number?
True
Let b(f) = 27*f**3 - f**2 - 24*f + 27. Let d be b(-12). Let c = -29882 - d. Is c a prime number?
True
Let i be 2*((-1)/(-3) - (-183)/18). Let j(v) = -v**3 + 23*v**2 - 19*v - 38. Is j(i) prime?
False
Let i = -41 - -48. Let w(q) = -q**2 + 4*q + 8. Let h be w(i). Let v(n) = -2*n**3 - 14*n**2 - 9*n + 4. Is v(h) a prime number?
False
Suppose 12*a = 29*a - 323. Let r = -1061 - -3582. Suppose r = 4*v - a. Is v prime?
False
Let t = 157 - 159. Let g(f) = -511*f**3 + 12*f**2 + 20*f + 3. Is g(t) a composite number?
False
Is (-2790749)/(-23) - ((-49)/299 - (-65)/845) prime?
False
Suppose -2*v + 1095973 = l, -3*v + 4135936 - 848008 = 3*l. Is l a composite number?
False
Let y = -362 - -356. Is (-249435)/(-35) + y - (-6)/21 composite?
False
Let g(o) = -2867*o + 3001*o - 1 + 10. Is g(5) composite?
True
Suppose g + 3049 = 3*i, 9*i - 7*i + 2*g - 2038 = 0. Let q = 480 + i. Is q a prime number?
False
Let s(j) = -41*j - 80. Let c be s(-14). Suppose c = -i + 10573. Is i composite?
False
Suppose 2*g = -22*g + 94824. Let u = g + -2800. Is u a composite number?
False
Suppose 4*y + 5*d = 66 - 383, 0 = -y + 5*d - 98. Let o = -57 - y. Is o a composite number?
True
Let h be 1205/(-20)*-6*6/(-9). Let r = h - -121. Let y = r - -457. Is y prime?
True
Suppose 290090 + 703188 = -23*t. Let w = -14673 - t. Is w a composite number?
False
Is 1126/(-6)*6*118/(-4) a composite number?
True
Let l(r) = 11*r - 4. Let q be l(1). Let j(t) = t**2 - 8*t + 4. Let u be j(q). Is ((-257)/1)/(2 + u) prime?
True
Let d be 76646/10*-1 - 3/(-5). Let l = d + 15115. Is l a composite number?
False
Suppose 2*x - 11784 = -0*x + 2*d, 0 = 4*x - 5*d - 23570. Let q = x + -3206. Is q - 5/25*5 a prime number?
True
Let d = 887 + -534. Let z = d - -158. Is z prime?
False
Suppose 88 = -4*m - 84. Let z = 51 + m. Is 357 + (-7)/((-28)/z) composite?
False
Suppose 5*b + 0*b = 30. Suppose -2*a = -4*a + b. Suppose 5*t - 8381 = -a*r - r, -t + 3*r + 1661 = 0. Is t composite?
True
Let p(k) = 64654*k**2 - 138*k + 427. Is p(3) composite?
True
Suppose -5*s - 3*m + 1083739 = 0, -149*s - 4*m = -150*s + 216757. Is s composite?
True
Suppose 61*p - 147063 = 113956. Is p a prime number?
False
Is ((-2)/(-4) + 217002 + 2)/((-239)/(-478)) a prime number?
True
Let x(d) = 175*d**3 + 2*d**2 - 13. Let f be x(3). Let p = f + -935. Suppose 6*s - p - 1953 = 0. Is s a prime number?
False
Let f be 8/(-12)*((-180)/8 + 0). Suppose 4*z - 8 = -3*m, 4*m - f = 4*z + 5. Is z*(3 - -8)*(-3 + -4) prime?
False
Suppose -5*u + 107254 = 5*q - 212581, u - 191901 = -3*q. Is q a prime number?
False
Let p = 275439 + 109810. Is p prime?
True
Is (2 + -1)/(((-1974)/26519891)/(-42)) a composite number?
True
Let q = -16913 - -57132. Is q composite?
True
Let z(h) = -1264*h + 371. Let n(d) = 632*d - 188. Let p(w) = -5*n(w) - 3*z(w). Is p(11) prime?
True
Is (-2)/(-8)*(-3248988)/(1 + -4) prime?
True
Suppose 226*d + 2*c = 222*d + 2843340, -4*d + 2843352 = -c. Is d a prime number?
True
Let m = 318 - 7053. Let v = -2768 - m. Is v a composite number?
False
Let i(c) = 882*c - 1. Let v be i(-1). Let a = -494 - v. Let h = a + 748. Is h a prime number?
False
Suppose -1594 = -4*s - 5*q, -5*q + 802 = -3*s + 5*s. Let h(f) = 397*f**3 + 36*f + 3*f**2 + 5 - s*f**3 + 26*f**2. Is h(-26) prime?
True
Let g(o) = -3*o**2 + 20*o + 10. Let b be g(9). Let r = -113 - -311. Let s = r - b. Is s a composite number?
False
Let g be ((10 - 0)/(-10))/(2/6). Is 7 + (7 - -15750) + g a prime number?
True
Let v(l) = -95*l**3 + 5*l**2 + 2*l - 4. Let m = -117 - -113. Let w be v(m). Suppose -3*k = 5*p - w, -3*k + 3*p + 6158 = -2*p. Is k a prime number?
False
Let f = -71719 + 40104. Let t = f - -45058. Is t prime?
False
Suppose -4*t - 4*g = -12, 5*t - 5*g + 38 = 83. Is (-13487)/(t/4 + -2) a composite number?
True
Suppose 10*m - 5*m = 50. Suppose 6*j = 4*w + j - 45, -m = 3*w + 5*j. Suppose -4*k = -w*t + 1249, 2*t + t = -5*k + 779. Is t a prime number?
False
Suppose -2519 = -5*i - 249. Let p = 135 - i. Let g = p + 728. Is g composite?
False
Let a(s) = 26948*s**3 - 4*s**2 + 6*s - 7. Is a(2) prime?
True
Suppose 3*u + 1097 = 2*i + 209704, 139088 = 2*u + 2*i. Is u composite?
False
Let q = 1722624 + -638737. Is q a prime number?
False
Suppose -4*y = -0 - 0. Suppose 5*t = -y*t + 15, u - t = 0. Suppose 2*i - 3*x = 108, i - u*x = -5*x + 47. Is i composite?
True
Let m(u) = -6*u**3 - 72*u**2 - 29*u - 20. Is m(-21) composite?
True
Is ((-14)/2 - (-132)/44) + 24195 composite?
True
Let p = 198 - 194. Let n(y) = 334*y**3 + 6*y**2 - 2*y + 5. Is n(p) prime?
False
Let n(z) = 3*z**3 + 2*z**2 + 6*z. Let f be n(5). Let q = 640 + -682. Let u = f + q. Is u a prime number?
False
Suppose -4 = -8*w + 12. Suppose w*o = l - 2*o - 79, 2*l + 4*o = 122. Suppose 629 = k + l. Is k a prime number?
False
Let s be (-40920)/32 - 33/(-12). Suppose -4*x + 21 = 3*d + 1496, 0 = -2*d - 3*x - 984. Let w = d - s. Is w prime?
True
Let i be (-2)/4 + -10*5/(-20). Suppose -i*n = 4*b - 11562, -4*b = -n - 2*n + 17333. Is n a composite number?
False
Let q be (-498*2)/((-194)/38 + 5). Suppose -3*c + 9502 = s, -s - 5*c = -10*c - q. Is s a prime number?
False
Let w = -100 + -146. Let q(x) = 430*x**2 + 4*x - 1. Let s be q(1). Let u = s + w. Is u a prime number?
False
Let v(f) = -f**2 + 5*f + 26. Let b be v(8). Let c be (1/(b/5284))/(-3 + 5). Let s = -852 + c. Is s a composite number?
True
Suppose -42 = 3*t + 186. Let b = -61 - t. Suppose 0 = -19*j + b*j + 1292. Is j a composite number?
True
Let k(m) = 56962*m + 2589. Is k(11) a composite number?
False
Let d be 4 + (3 + -7 - -3). Suppose -5*g + d*y = -55454, -5*g - 4*y = -6*y - 55451. Is g a composite number?
True
Suppose -276 = -2*y + 5*r, 15*y - 12*y - 456 = -3*r. Let t(s) = -s**3 - 6*s**2 - s + 2. Let d be t(-4). Let l = y + d. Is l a prime number?
False
Let w = -23 - -1. Let k = -28 - w. Is 3 + 20/(-6) - 548/k composite?
True
Let a be 6/51 - 11922/(-102). Let k be a*47 - (8 - 9). Suppose 5*m - k = 10495. Is m a composite number?
True
Let m(w) = 94*w + 23. Let b be m(3). Suppose -4*x = 2*r - 658, -x = -r + 3*x + b. Is r prime?
False
Let r be 2/6*-2 - (-1432)/6. Let j be 5/(-2) + r/28. Suppose -j*x + 16788 = 6*x. Is x a prime number?
True
Let p be (72/10)/(-2)*-2310. Is p/2 + -17 + 10 a composite number?
True
Let l = -4621 + 2005. Let v(w) = 25*w**2 - 19*w + 7. Let x be v(13). Let b = l + x. Is b composite?
True
Suppose 21*z - 11*z - 225244 = 727746. Is z a composite number?
True
Let u(s) be the first derivative of s**3/3 - 2*s**2 - 10*s - 10. Let i be u(6). Suppose i*t - 3122 = -0*t. Is t a composite number?
True
Let u be (-9)/8 + 1/8. Let r be 1*-1*(-4 - (u - 3)). Suppose -4*m + 9*m - 1585 = r. Is m prime?
True
Let m be (-6 - 8/(-4))*-281. Let f = m + -735. Is f composite?
False
Let b(w) = 21*w - 42 - 91 - 45*w - 40*w**2 - w**3 - 77*w. Is b(-50) a composite number?
False
Let r = 8 + -14. Let i be (r/(6/(-3)))/1 - -163. Suppose w - 216 - i = 0. Is w composite?
True
Let z be 15/(-3) - -2 - -6. Suppose 35997 = 4*k + q, -3*q - 27000 = -z*k - 6*q. Is k composite?
False
Let m = -16 + 56. Let j = m - 40. Suppose k - 2*a - 369 = j, 3*k = 2*a + 1374 - 271. Is k a co